 9 divide h?
False
Is (45 - 48) + (11541 - -5) a multiple of 84?
False
Let u = -7 - -12. Suppose -118 = -3*c - j - 18, 0 = 5*c + 3*j - 172. Suppose -4*b - 48 = -u*s + 32, 3*b = -2*s + c. Is s a multiple of 8?
True
Suppose -4*x + 13 = 4*m + m, -4*m + 2*x + 26 = 0. Let a(c) = 0*c**2 + 7*c + 3*c**2 + 2*c**2 + c**3 - 2*c**3. Is a(m) a multiple of 6?
False
Suppose -4*o - 747 - 220 = f, 0 = 5*o - 2*f + 1225. Is (-61668)/o - 2/(-9) a multiple of 66?
False
Let y = 14726 + -8472. Is y a multiple of 53?
True
Let t = 2178 + -1038. Let j = -753 + t. Is j a multiple of 7?
False
Let p = -101 - 8. Let t = 107 + p. Is -2 - ((t - -3*2) + -330) a multiple of 27?
True
Suppose 20*i - 23*i = 6. Is (28/56)/(i/(-44)) even?
False
Let o(h) = h**2 - 9*h + 23. Suppose -j - 2*r = 2*j - 24, 0 = -5*j + r + 27. Let u be o(j). Suppose -u*c + 30 = -3*x, 2*x + 10 = c - 3. Does 2 divide c?
False
Suppose -3*a + b = -26, -5*b = -2*b + 15. Suppose a*l - 1568 = -4*f + 5*l, -5*f = 4*l - 1957. Is 16 a factor of f?
False
Suppose 146*j - 295*j + 140*j = -49680. Is 24 a factor of j?
True
Let v = 118 - 120. Let s(f) = 8*f**2 + 2*f + 5. Is 4 a factor of s(v)?
False
Let d = 1 - -2. Suppose -z = -4*j - 5 - 130, d*z = 2*j + 425. Is 13 a factor of z?
True
Let q(r) be the third derivative of r**5/30 - r**4/6 - 2*r**3/3 + 5*r**2. Let l be q(-7). Suppose -5*k = -4*k - l. Is 18 a factor of k?
False
Let m(w) = -44*w - 268. Let n be m(-6). Let h(b) = -122*b - 65. Is 47 a factor of h(n)?
True
Suppose 5*c + 5929 = 4*s, -5418 = -5*s + c + 2009. Is 6 a factor of s?
False
Let p be (10 + (-108)/12)/(2/8). Suppose 4*q + p*y = 1704, 0 = -3*y - 16 + 7. Does 11 divide q?
True
Suppose 8 = -x + 3*k - 1, 5*x - k - 11 = 0. Suppose -3*z = -2*r - 118, x*r - 124 = -3*z - r. Suppose 0 = -2*s + 208 - z. Does 28 divide s?
True
Let f be ((-172)/(-6) + 0)*(-27)/18. Let k = -23 + f. Let v = 45 - k. Does 15 divide v?
False
Let s(i) = 2*i**2 - i + 7. Let f be s(4). Suppose f*b - 31*b - 100 = 0. Is b a multiple of 4?
False
Let t(r) = 71*r - 1363. Is 20 a factor of t(73)?
True
Is 32 a factor of 551040/252*((-36)/20 + 3)?
True
Let w = 81 - 149. Let z = 948 + w. Does 55 divide z?
True
Let o(l) = -l + 40. Let n be o(23). Is 4490/n - 6/51 a multiple of 4?
True
Let l(d) = 5*d**3 + 5*d**2 - 20*d + 2. Let q(n) = 9*n**3 + 11*n**2 - 39*n + 5. Let r(h) = -11*l(h) + 6*q(h). Is r(4) a multiple of 2?
True
Let d(k) = 2*k**3 - 9*k**2 + 87*k - 60. Is d(12) a multiple of 24?
True
Let l be 6 - (-1748)/(6 - 2). Let n = -124 + l. Is 11 a factor of n?
True
Is 16 a factor of (-66)/(-2 - -2 - 25/1200)?
True
Let j = -1730 + 2660. Is j a multiple of 93?
True
Let z(m) = -m - 9. Let a be z(-8). Let g = 4 + a. Suppose -378 = -10*o + g*o. Does 9 divide o?
True
Let b be 1/(-1) + (14 - 6/(-3)). Suppose -4*c + 2*z - b = 5*z, 0 = 2*c - 3*z + 21. Let a(i) = -3*i - 3. Does 15 divide a(c)?
True
Suppose q + 4*x = -2 - 9, -3*x = 4*q + 57. Let t = 21 + q. Suppose -5*r = -2*a + 295, 0 = 2*r - t*r - 20. Is a a multiple of 27?
True
Let h = 291 + -292. Is h - -6 - -94*22/4 a multiple of 18?
True
Suppose 4 = 2*b, 5*a - 803 + 283 = 5*b. Is a a multiple of 34?
False
Let z be ((-6)/(-4))/((-2)/24). Let u(k) = -3*k - 38. Let y be u(z). Is 31 a factor of y/(-12) + (-644)/(-6)?
False
Let u = 200 + -192. Suppose -u*k = -16*k + 1832. Does 13 divide k?
False
Suppose 44 = -5*f + 24. Let h be 1/((-2)/f + (-6)/36). Let q = 32 + h. Is q a multiple of 4?
False
Let w(j) be the first derivative of j**4/4 - 7*j**2 + 4*j + 36. Does 9 divide w(-3)?
False
Let x = 49 + -25. Let m = 35 - x. Suppose 0 = 5*h - m - 19. Is h even?
True
Suppose -4189 = -22*x + 5777. Is x a multiple of 16?
False
Suppose -o + 65 = -3*c - 585, -4*c + 1885 = 3*o. Is 5 a factor of o?
True
Is 245286/27 - 1/(-3) a multiple of 143?
False
Suppose g + 72 = 2*u + 11, -u = -5*g - 35. Does 30 divide 126224/345 + 4/u?
False
Let y = -8875 - -17730. Is y a multiple of 37?
False
Suppose 0 = -166*o + 1853903 - 312759. Is 211 a factor of o?
True
Suppose -16*x + 15*x = -20. Let k = -105 + x. Let l = k - -139. Does 8 divide l?
False
Let g(y) = 7*y + 719. Does 46 divide g(55)?
True
Let p be 2660/8 - 1/2. Let z = p + 857. Does 29 divide z?
True
Suppose 0 = -4*r - 3*z + 22, -24 = r + 4*z - 36. Suppose 0 = 4*g - j - 266, r*g - 4*j - 103 = 169. Does 6 divide g?
True
Let f(v) = 183*v**2 + v + 2. Let x be f(-1). Suppose 0 = 4*h + 8 - x. Is 22 a factor of h?
True
Suppose -22*r + 29902 = -21*r - 3*l, 0 = -5*l + 20. Is 22 a factor of r?
False
Suppose -238380 = -37*v - 21*v. Does 22 divide v?
False
Suppose 0*w + 410029 + 476759 = 63*w. Is w a multiple of 7?
False
Suppose z - 2*z + 7 = j, -5*z + 4*j - 10 = 0. Suppose 11*r - 10*r = 16. Suppose -r = -z*h + 176. Does 24 divide h?
True
Suppose 6*l = 8042 + 8008. Let c = l - 1565. Is c a multiple of 12?
False
Suppose -x - 22 = -2*x. Let i(j) = 3*j + 26. Let g be i(-8). Suppose 3*y = -5*k + 164, g*k - x = y - 84. Does 39 divide y?
False
Does 31 divide (-13 + 14)/(7*4/124628) - 6?
False
Suppose -12*g = -7*g - 15. Let s be 105/(-84)*g/((-3)/8). Is 2/s - (-903)/35 a multiple of 13?
True
Does 23 divide ((-92)/(-10) - 10)*-6445?
False
Suppose 3*b - 5*p - 14 = 2*b, 0 = 4*b + 4*p - 8. Let q be (-6)/b*236 - 1/1. Is (q/(-5))/1 + 4*-1 a multiple of 6?
False
Let a = -9947 + 17538. Is a even?
False
Let y(q) = q**3 - 12*q**2 - q + 23. Let f be y(12). Does 6 divide 3*29 + -14 + f?
True
Let f(m) = -2*m - 2. Let c(q) = -53*q - 96. Let o(x) = c(x) - 3*f(x). Is o(-6) a multiple of 24?
True
Let g(n) be the third derivative of -187*n**4/8 - 7*n**3 + 288*n**2. Is g(-2) a multiple of 15?
True
Suppose b + 3*b = -300. Let c = 197 + b. Is 83 a factor of c?
False
Suppose 2*m - 80 = -f, 3*f + m = 2*m + 254. Suppose -3 = -3*v + g, 3*v + g - 15 = -2*g. Suppose v*t - f = -24. Does 15 divide t?
True
Suppose -612 = -q - 2*d - 151, -2*q + 886 = -5*d. Is q a multiple of 5?
False
Let q(d) = 3*d + 1 + d - 88 + 2*d. Is q(28) a multiple of 15?
False
Suppose -5717 = -7*m + 28303. Is m a multiple of 18?
True
Let l = 10880 - 6344. Does 14 divide l?
True
Suppose 1883 - 633 = d - 4*u, 15 = -3*u. Does 30 divide d?
True
Suppose 14*a + 271*a - 52*a - 1013550 = 0. Is a a multiple of 25?
True
Suppose -x = -2*x + 34. Let h(a) = -a**3 - 14*a**2 - 28*a - 22. Let t be h(-12). Let f = x + t. Is 20 a factor of f?
True
Suppose 3*y = 2*y + 4*v + 2, -4*v = -3*y + 6. Let h(t) = 9*t + 5. Let o be h(y). Suppose -q = -42 + o. Is q a multiple of 4?
False
Is 8 a factor of 348/((-202)/(-505) + (-221)/590)?
True
Suppose 0 = 27*a - 16152 - 3990. Suppose 8*l = -a + 3290. Is 46 a factor of l?
False
Let r = -6477 - -11520. Is r a multiple of 33?
False
Let q(l) = -35*l + 60. Let x be q(-13). Suppose 8*u - 4*u = -5*v + 694, 0 = 3*u + v - x. Is 22 a factor of u?
False
Let f(p) be the first derivative of -p**4/4 - 10*p**3/3 - 11*p**2/2 - 22*p + 12. Let q be f(-9). Is q*(2/(-4) - (-369)/(-12)) a multiple of 25?
True
Is (-117)/195 - (-68823)/5 a multiple of 12?
True
Suppose -m + 3 + 3 = 4*g, -5*m = -g - 9. Suppose 2*i - 3*i + u = -m, i - 4*u = -1. Suppose -6*b = -3*o - 5*b + 289, i*o + 4*b = 269. Does 19 divide o?
True
Let x = 22521 + -20141. Is 119 a factor of x?
True
Let q be (1 - 0)/((-1)/(-64)). Suppose -167*v = -170*v - 156. Let f = q + v. Is f a multiple of 11?
False
Let m(r) = r**3 - 12*r**2 + r - 4. Let x = -8 + 20. Let u be m(x). Is 14 a factor of (4 + 126/u)*4?
False
Suppose 5*j + 10 = -33*m + 37*m, 0 = -4*j + 2*m - 2. Suppose 985 = j*g - z, -16*g = -18*g - 4*z + 1010. Does 15 divide g?
True
Is 34 a factor of ((-2)/(-8) - (-7991)/1220)*2335?
True
Let p(w) = -3*w**2 + 124*w + 165. Let h be p(43). Let s(q) = q**3 - 4*q**2 + 7*q. Let g be s(6). Let y = h + g. Is y a multiple of 24?
False
Let c(w) = -w**3 - w**2 + 2*w + 90. Let y be c(0). Suppose -6*g + y = -5*g. Let x = -58 + g. Is x a multiple of 28?
False
Suppose 4*d - 9703 = -3*n, 2*n = d - 1653 - 770. Is 21 a factor of d?
False
Let d = 25040 + -8595. Is 13 a factor of d?
True
Let p(b) = 6*b - 2. Let g be p(9). Let i = g - 55. Is 27 a factor of 2240/22 - i*(-4)/(-66)?
False
Let n be 8 - -21*8/(-28)*1. Suppose 1051 = 3*y + y + 3*h, -3*h - 503 = -n*y. Is y a multiple of 37?
True
Let g = -42 + 46. Suppose -g*s - 2*r = 910, 594 = 5*s - 5*r + 1709. Let n = s + 336. Is n a multiple of 27?
False
Let t(l) be the sec